 + 6*d**2 + 7*d + 2. Let h be m(-5). Let s(y) be the second derivative of y**3/6 + 11*y**2 + 8*y. What are the prime factors of s(h)?
2, 7
What are the prime factors of (33/44)/((-24)/(-28384))?
887
Suppose 0 = -z - 68*z + 223422. List the prime factors of z.
2, 1619
Suppose 0 = -2*h - 0*h + 4*p + 3438, -5*h = p - 8573. List the prime factors of h.
5, 7
Suppose -z + 1 = -2. Let u = 0 + z. Let a = 55 + u. List the prime factors of a.
2, 29
Let z be (6/(-3) - 1) + 7. Suppose 3 = z*i - 17. Suppose -i*u = -0 - 10. List the prime factors of u.
2
Let g(n) = n**2 + 3*n - 7. Let j be (-4 - -12) + 3/(-1). Suppose -j*t - 2 = 28. What are the prime factors of g(t)?
11
Let t(k) = -1285*k - 232. List the prime factors of t(-3).
3623
Suppose 0 = -19*g + 1000 + 2762. List the prime factors of g.
2, 3, 11
Suppose 0 = -3*g + 15, 8 - 149 = 4*a - 5*g. Let u = 15 - a. List the prime factors of u.
2, 11
Suppose -2*k = -3*b + 2*k + 7, 5*b - 3*k - 19 = 0. Suppose -3*h = -3*s + 6*s - 69, -b*h = -5*s - 115. What are the prime factors of h?
23
Let n(u) = -u + 1. Let b(x) = 4*x + 30. Let f(w) = -b(w) - 8*n(w). List the prime factors of f(24).
2, 29
Suppose -9*j = -6327 - 3555. List the prime factors of j.
2, 3, 61
Let t(n) = n**3 + 10*n**2 - 10*n + 9. Let x be t(-11). Let i = x - -4. Suppose 12 = 4*z, 4*u + z + i*z = 45. What are the prime factors of u?
3
Let y = -102 - -158. Let p = y - -20. List the prime factors of p.
2, 19
Suppose 0 = 3*b + 3*f - 7671, 6*b - 4*b - 5105 = f. List the prime factors of b.
2, 1277
Let l(w) = 2*w - 7. Suppose -p = 4*p - 25. Let a be l(p). Suppose 41 + 97 = a*i. What are the prime factors of i?
2, 23
Suppose 4*g = 16, -5*g + 2 = 5*b - 3. Let y be b/(-6)*(-1 + 1). Suppose -q + y*q - 61 = -2*h, 0 = -5*q + 25. What are the prime factors of h?
3, 11
Suppose -3*u - 19 + 325 = 0. Suppose 2*f = u + 14. List the prime factors of f.
2, 29
Suppose 0 = -3*t + 3*n + 1179, -4*t + 4*n + 1576 = n. List the prime factors of t.
397
Let l be 6 + (0 + 0 - 1). Suppose -62 = -l*u + 8. What are the prime factors of u?
2, 7
Let o(a) = -80*a - 69. List the prime factors of o(-5).
331
Let u = -12 - 33. What are the prime factors of (-10)/(-4)*(-1314)/u?
73
Let y(k) = 0*k + 13 - 3*k + 10 + k. What are the prime factors of y(-4)?
31
Let a = 567 - 151. List the prime factors of a.
2, 13
Suppose -3*b = 2*m - 70, -3*m + b + 158 = 2*m. Suppose -5*a + 5 = 0, m = z - 7*a + 3*a. List the prime factors of z.
2, 3
Suppose -4*c = -i - 28, -6*i = 3*c - i - 44. Suppose -p = 5, 2*m - 23*p - 1 = -22*p. List the prime factors of 51 - m*4/c.
2, 13
Let k be (2 + 2/(-4))/((-1)/(-38)). Suppose 5*x = 2*x + k. List the prime factors of x.
19
Suppose 34*s = 35*s - 4*u - 2102, 4*s + 5*u - 8303 = 0. What are the prime factors of s?
2, 3, 347
What are the prime factors of 21/(-6)*126*(-4 + 3)?
3, 7
Suppose -7*j - 154 = -m - 2*j, -m - 2*j = -168. Suppose p - m = -29. What are the prime factors of p?
3, 5
Let l(r) = 8*r + 1. Let w be l(1). Suppose 10 = w*i - 4*i. Suppose -i*j + 41 = -5. What are the prime factors of j?
23
Suppose -102 = 3*l + 78. Let r be l*(28/(-12) - -3). What are the prime factors of (-342)/4*r/60?
3, 19
Let p = 39 - -395. Suppose -6*c = -4*c - p. Suppose c = u + 3*u - o, 2*o - 6 = 0. What are the prime factors of u?
5, 11
Let h = -33 + 103. What are the prime factors of h/21 + 4 - 4/(-6)?
2
Let c = -127 - -363. Let a = -150 + c. What are the prime factors of a?
2, 43
Suppose 2*t = -2*t - 4, 3*t - 2 = 5*o. Let f = 4 + o. What are the prime factors of f + -2 - (-12)/1?
13
Let f(x) = 374*x - 181. What are the prime factors of f(6)?
2063
Suppose 3*m = -4*t + 1822, 6 - 2 = 4*t. What are the prime factors of m?
2, 3, 101
Suppose 3*y = 3*k - 5*k - 11, -4*k - y + 3 = 0. Suppose k*d = 12 + 114. What are the prime factors of d?
3, 7
Suppose 8*t - 6774 = 7650. List the prime factors of t.
3, 601
Suppose 10 = -5*u - 0*u. What are the prime factors of (-7)/(u/(-30)*-3)?
5, 7
Suppose 36 = -8*m - m. What are the prime factors of 250/m*8/(-5)?
2, 5
Let u(j) = j**3 - 5*j**2 + 2*j - 3. Let z be u(5). Let a(i) = -11*i + 26. Let r(g) = g - 1. Let t(f) = -a(f) + 3*r(f). List the prime factors of t(z).
3, 23
Suppose 0 = 4*y + 22 - 34. Suppose t + y*u - 17 = 33, 2*u = -2*t + 84. Suppose -r - g + t = 0, -r - r - 3*g + 80 = 0. List the prime factors of r.
2, 17
Let o = -1 + 16. Suppose 5*n = -0*n + o. Suppose n*q - 25 = -4*c, 3*q + 3*c + 1 - 22 = 0. What are the prime factors of q?
3
Suppose 22*k - 28270 = -0*k. What are the prime factors of k?
5, 257
Let y be 8/((-14)/7)*(-2)/8. Suppose c = 3*c - 3*a - 226, -a = 2*c - 234. What are the prime factors of (-2)/((-8)/c)*y?
29
Let x(c) be the second derivative of -c**4/6 - 10*c**3/3 + 10*c**2 + 10*c. What are the prime factors of x(-10)?
2, 5
Let u(m) be the second derivative of -m**3 - 2*m + 0 + 3/2*m**2. List the prime factors of u(-4).
3
Let d(p) = 2*p + 22. Let y be d(-6). Suppose 2*g - 3 = -11, -c + 22 = -5*g. Suppose c*z = 2 + y. List the prime factors of z.
2, 3
Let h(k) = -2 + 4*k + 10 - 7 + 24*k**2 + 6. What are the prime factors of h(-3)?
211
Suppose -2*h = -4*c - h - 1, -c + 3*h = 14. List the prime factors of (7 + -243 + 0)*-1*c.
2, 59
Let n = 10 + 240. Suppose -n = -5*y - 5. Suppose 175 = 4*v + 5*d, -2*v + v = 3*d - y. List the prime factors of v.
2, 5
Let x = 703 + -363. What are the prime factors of x?
2, 5, 17
List the prime factors of (-25)/5*(-1008)/5 + -1.
19, 53
What are the prime factors of 62/(-341) - 200912/(-44)?
2, 3, 761
Let d = 1378 - 719. List the prime factors of d.
659
Suppose 2*g + 26 = 28, 3*d + 4*g - 6304 = 0. What are the prime factors of d?
2, 3, 5, 7
Let f(v) = 9*v**2 - 73*v + 33. What are the prime factors of f(12)?
3, 151
Let p(j) = -2*j**2 + 10*j - 8. Let w be p(6). List the prime factors of -302*((-33)/30 + (-12)/w).
151
Let j(m) = 136*m - 6. List the prime factors of j(4).
2, 269
Suppose -p - 260 = 4*f - 3*f, p - 2 = 0. List the prime factors of f/(-14) + 2/7.
19
Suppose -9 + 46 = -5*w - 2*r, -5*w - 4*r = 29. Let a be 2/10 + w/(-5). Suppose 2*s - 3*u = 21 - 1, a*s = -3*u + 44. List the prime factors of s.
2
Let s be 5 + ((-5)/5 - 1). Suppose 6*w = -s*w + 423. What are the prime factors of w?
47
Let j(a) = a**2 - 4*a - 7. Let v be j(6). Let y be v + ((-2)/(-1) - 3). Suppose -3*h + 9 = 0, -108 = z - y*z - 5*h. List the prime factors of z.
31
Suppose 2*u - 10 = -3*u. What are the prime factors of (21 - u)/((-5)/(-20))?
2, 19
Let l(p) = -p**3 + 15*p**2 - 15*p + 6. List the prime factors of l(7).
293
Suppose 74*t - 48*t = 48750. What are the prime factors of t?
3, 5
Suppose -z + 402 = -218. List the prime factors of z.
2, 5, 31
Suppose 6*h - 3315 = -9*h. What are the prime factors of h?
13, 17
Let t(r) = r**3 - 8*r**2 + 7*r - 10. Let v be t(7). Let m be (-36)/v + (-6)/10. Suppose -18 = -2*w + y, -m*w = 3*y - y - 13. What are the prime factors of w?
7
Suppose 72*u = 87*u - 6585. List the prime factors of u.
439
What are the prime factors of 46418/22 - 3*8/(-264)?
2, 5, 211
Let f(q) = 9*q + 42. Let h be ((-32)/(-112))/(2/14) - -21. List the prime factors of f(h).
3, 83
Suppose -r - 2*r - 2*h + 1052 = 0, -3*r + 1032 = -3*h. What are the prime factors of r?
2, 3, 29
Let k = 0 + -4. Let f be (k/10)/((-4)/40). Suppose f*n - 30 = 138. List the prime factors of n.
2, 3, 7
Suppose -2*p - 7 = -j, 0*j - p = -j + 5. Suppose -2*b + 9 = j*o, 5*b - b - 3*o - 27 = 0. Suppose b*g - g = 185. What are the prime factors of g?
37
Let d(p) be the second derivative of -p**3/6 + p**2 + 10*p. Suppose 6*o - o = -2*l - 5, -4*o - 7 = l. What are the prime factors of d(o)?
5
List the prime factors of (3/(-9))/(2/(-270)).
3, 5
Let h = -2240 - -3185. List the prime factors of h.
3, 5, 7
Let t(z) = -80*z**3 + 2*z**2 - 1. Let y be t(-1). Let i = 844 - 691. Let x = i - y. List the prime factors of x.
2, 3
Let l(r) = -2*r**3 - 23*r**2 + 10*r + 23. Let p(f) = -3*f**3 - 35*f**2 + 15*f + 35. Let c(d) = -8*l(d) + 5*p(d). What are the prime factors of c(-9)?
2, 3
Let i(x) = -3*x - 16. Let z be i(-8). Let s(j) = -j**3 - 6*j**2 - 2*j - 8. Let o be s(-6). List the prime factors of 2/o + 212/z.
3
Let l be (0 - (10 - -3))/1. What are the prime factors of l/(-3) + (-8)/(-12)?
5
Let a(t) = 5*t**2 - 2*t - 20. Suppose 0 = 2*o + h - 2*h + 7, -4*h = 4*o + 44.